{"id":834,"date":"2016-06-20T21:09:54","date_gmt":"2016-06-20T20:09:54","guid":{"rendered":"http:\/\/echographie-angers.net\/?page_id=834"},"modified":"2016-06-20T21:14:33","modified_gmt":"2016-06-20T20:14:33","slug":"mentions-legales","status":"publish","type":"page","link":"http:\/\/echographie-angers.net\/?page_id=834","title":{"rendered":"Mentions L\u00e9gales"},"content":{"rendered":"<h5>Centre d&rsquo;\u00e9chographie Saint Serge<\/h5>\n<p>Echographie f\u0153tale et Gyn\u00e9cologique<br \/>\n1, rue de Brest<br \/>\n49100 Angers<br \/>\nT\u00e9l : 02-41-33-66-40<br \/>\na.sarfati@echographie-angers.com<br \/>\nResponsable de la r\u00e9daction du site : <a href=\"http:\/\/dlebreton.fr\">Denis Lebreton<\/a><br \/>\nH\u00e9bergement<br \/>\nOVH<br \/>\nSAS au capital de 10 000 000 \u20ac<br \/>\nRCS Roubaix \u2013 Tourcoing 424 761 419 00045<br \/>\nCode APE 6202A<br \/>\nN\u00b0 TVA : FR 22 424 761 419<br \/>\nSi\u00e8ge social : 2 rue Kellermann \u2013 59100 Roubaix \u2013 France.<\/p>\n","protected":false},"excerpt":{"rendered":"<p>Centre d&rsquo;\u00e9chographie Saint Serge Echographie f\u0153tale et Gyn\u00e9cologique 1, rue de Brest 49100 Angers T\u00e9l : 02-41-33-66-40 a.sarfati@echographie-angers.com Responsable de la r\u00e9daction du site : Denis Lebreton H\u00e9bergement OVH SAS au capital de 10 000 000 \u20ac RCS Roubaix \u2013 Tourcoing 424 761 419 00045 Code APE 6202A N\u00b0 TVA : FR 22 424 761&nbsp;<\/p>\n<p><a class=\"btn btn-style\" href=\"http:\/\/echographie-angers.net\/?page_id=834\">Continue Reading &rarr;<\/a><\/p>\n","protected":false},"author":1,"featured_media":0,"parent":0,"menu_order":0,"comment_status":"closed","ping_status":"closed","template":"","meta":[],"_links":{"self":[{"href":"http:\/\/echographie-angers.net\/index.php?rest_route=\/wp\/v2\/pages\/834"}],"collection":[{"href":"http:\/\/echographie-angers.net\/index.php?rest_route=\/wp\/v2\/pages"}],"about":[{"href":"http:\/\/echographie-angers.net\/index.php?rest_route=\/wp\/v2\/types\/page"}],"author":[{"embeddable":true,"href":"http:\/\/echographie-angers.net\/index.php?rest_route=\/wp\/v2\/users\/1"}],"replies":[{"embeddable":true,"href":"http:\/\/echographie-angers.net\/index.php?rest_route=%2Fwp%2Fv2%2Fcomments&post=834"}],"version-history":[{"count":5,"href":"http:\/\/echographie-angers.net\/index.php?rest_route=\/wp\/v2\/pages\/834\/revisions"}],"predecessor-version":[{"id":839,"href":"http:\/\/echographie-angers.net\/index.php?rest_route=\/wp\/v2\/pages\/834\/revisions\/839"}],"wp:attachment":[{"href":"http:\/\/echographie-angers.net\/index.php?rest_route=%2Fwp%2Fv2%2Fmedia&parent=834"}],"curies":[{"name":"wp","href":"https:\/\/api.w.org\/{rel}","templated":true}]}}